ppose -311 = -3*k + y, 2*k - 315 = -k - 3*y. What is the greatest common factor of k and l?
26
Let j(l) = l - 30*l**2 + 39*l**2 - 5*l**3 + 4*l**3 + 3. Let c be j(6). Let u be (-13)/(-8 + 14 - 7). What is the greatest common factor of c and u?
13
Suppose 4*x = 3*v + 463, -5*x - 4*v - 82 + 684 = 0. Calculate the highest common divisor of x and 3422.
118
Let f = 34 - 30. Suppose f*w + 2*w = 12. Suppose 0*h - h = 4, 68 = w*i - 3*h. What is the highest common divisor of 7 and i?
7
Let u be 93/15 - (-1 + (-18)/(-15)). Let g = 31 + u. Suppose -3*k = -456 - 543. Calculate the highest common factor of k and g.
37
Let r be (-1 - -1 - 4)/((-90)/(-1125)). Let a(z) = z**2 - 59. Let y be a(0). Let u = r - y. What is the greatest common divisor of 9 and u?
9
Suppose 63*w - 89*w + 494 = 0. What is the highest common divisor of 9101 and w?
19
Suppose -5*d - 52 - 188 = 0. Let g be (d/(-40))/(9/150). Calculate the highest common divisor of 32 and g.
4
Let j be (15/(-6))/((-12)/24). Suppose j*f = q - 1160, f = -6*q + 8*q - 2311. Calculate the highest common divisor of q and 105.
105
Let k(z) = -36*z. Let o(n) = n**2 + 13*n - 18. Let s be -1 - 13/3*(9 - 6). Let a be o(s). Let i be k(a). Calculate the highest common factor of i and 16.
16
Let m(z) = 209*z - 1459. Let u be m(7). Suppose -d + 204 = 2*d. Calculate the highest common factor of u and d.
4
Let c = 20 + -19. Let d(f) = 7*f**2 - 6*f + 1. Let w(x) = -x**2 + x. Let z(v) = c*d(v) + 5*w(v). Let t be z(1). What is the highest common divisor of 3 and t?
1
Suppose -89*r - 3328 = -115*r. Calculate the highest common factor of r and 304.
16
Let b = 7256 - 7255. Let h be (-1)/3*-1*3. Calculate the highest common divisor of h and b.
1
Let w = 34 + 34. Let c = -30 + w. Let q be (c/(-4))/(6/(-12)). Calculate the highest common divisor of q and 19.
19
Suppose 9*c - 2968 + 2536 = 0. Suppose -5*j - 2*x = -7505, -1528 = 4*j - 3*x - 7509. Let r = j + -1067. Calculate the greatest common factor of r and c.
48
Suppose -28*x = 112*x + 6421 - 19581. What is the highest common factor of x and 50854?
94
Let s be (-2)/(-37) - 7701936/(-2442). Calculate the highest common factor of s and 38.
38
Suppose 0 = 2*p - 3*q + 5*q - 6, -q + 27 = 5*p. Suppose 430*b - 436*b = -60. Let g be ((-66)/b)/(28/(-280)). What is the greatest common divisor of p and g?
6
Let s(x) = 27*x - 31. Let q be s(9). Let d = 363 + q. Calculate the highest common divisor of 25 and d.
25
Let o(t) = -280*t + 1976. Let u be o(7). What is the greatest common factor of 2152 and u?
8
Let c(f) = -22 + 3*f + 8 - 10 - 1 - 7*f. Let g be c(-8). What is the highest common factor of g and 56?
7
Suppose 515 + 336 = 29*w + 184. Calculate the greatest common divisor of w and 7613.
23
Suppose 511*h + 26418 = 548*h. What is the highest common factor of h and 187?
17
Let p(f) = -1130*f + 2973. Let u be p(-3). What is the greatest common divisor of u and 567?
63
Let p = 406 - 383. Suppose -p*q - 1008 = -26*q. What is the greatest common divisor of q and 42?
42
Suppose -d + g + 167 = 5*g, -4*d + 3*g + 668 = 0. Calculate the highest common divisor of 4175 and d.
167
Let f = 6 + 8. Suppose -62*d = -1014*d + 106624. Calculate the highest common divisor of f and d.
14
Let u(q) = 2*q**3 + 17*q**2 - 7*q + 22. Let g be u(-9). Suppose 5*l - 2565 = 4*f, 2*f = -g*l - 184 + 2236. What is the highest common factor of l and 38?
19
Suppose -13*j = -17*j - 296. Let y = j + 107. Suppose -9 = 2*d - y. Calculate the highest common divisor of d and 8.
4
Suppose 3*v = -3*v + 480. Suppose -a + 76 = -v. What is the greatest common divisor of a and 12?
12
Let m = -1486 - -1648. Calculate the highest common divisor of 174 and m.
6
Suppose -5*c + 4*c + 36 = 0. Let y be 3/((-63)/(-1132)) - 706/(-7413). What is the greatest common divisor of c and y?
18
Suppose -3*q - 318 = -60. Let c = q + 122. What is the highest common divisor of c and 4?
4
Suppose 80*a = 64*a + 5760. Suppose -2*l = -60*r + 58*r - 180, 4*r - a = -4*l. Calculate the highest common divisor of 90 and l.
90
Let o be (-4)/4 + 128 + (-5 - 1). Calculate the greatest common divisor of o and 583.
11
Let z = 7970 - 7905. What is the highest common factor of z and 8385?
65
Let d = 58 + -38. Suppose 3*x = -o - 2*x + d, 4*o = 3*x + 57. What is the highest common divisor of 5 and o?
5
Let x(q) = q**2 - 35*q - 6. Let w be x(74). Calculate the highest common factor of w and 90.
90
Let a(o) = -2*o + 6. Let x be a(3). Let d be (-3 - x)*-2*(-46)/12. Let y = 35 + d. Calculate the greatest common factor of y and 6.
6
Let m(l) = 3*l**2 + 4*l + 2. Let g(s) = -s + 9. Let q be g(0). Suppose 5*i + 6 + q = 0. Let p be m(i). Calculate the greatest common factor of 85 and p.
17
Let f = 351 - 506. Let i = f - -178. What is the highest common factor of 69 and i?
23
Let g be (-28)/(-10)*(-170)/(-4). Suppose g = 4*s - 249. Calculate the highest common divisor of 138 and s.
46
Let l be (1 - 1)/((-5)/(-40)*16). Suppose 64*j - 987 - 1253 = l. Calculate the greatest common factor of 112 and j.
7
Let q(i) = -i**3 - 5*i**2 + 143*i + 78. Let n be q(-30). What is the greatest common divisor of 432 and n?
144
Suppose -7*u + 378 = c - 6*u, -5*u + 1146 = 3*c. What is the greatest common factor of 279 and c?
93
Suppose 3*f = -2*d + 7, 8*f = 4*f + 2*d - 14. Let b be (f - (-28)/20)*10. Let o be 6/b + (-54)/(-12). What is the greatest common factor of 24 and o?
6
Let f = 5441 + 18439. What is the greatest common factor of f and 120?
120
Let l(j) = j + 28. Suppose 14*p - 240 = -p. Let g be l(p). What is the greatest common factor of 66 and g?
22
Let j(k) = -k**3 - 14*k**2 + 47*k - 27. Let v be j(-17). Calculate the highest common divisor of 123 and v.
41
Suppose -d - d + 4*o = -682, d + 4*o = 341. Suppose 11*j - d = -44. Let u(f) = -f**2 - 6*f - 5. Let t be u(-2). Calculate the highest common divisor of t and j.
3
Suppose -3*w + 1 = 13, 3*r - 5*w = 17. Let c be (-2)/r*(-5105)/(-10). Suppose 0 = 6*z - 515 - c. Calculate the greatest common divisor of z and 32.
32
Suppose -4*o - c - 39 = 0, 26 = -3*o - 2*c - 2. Let y be o/(-75)*-18*-5. What is the greatest common factor of y and 52?
4
Suppose -2*i - 5*u + 3*u = -2, -3*i + u = -23. Suppose n + 430 = i*n. Suppose 11*w - 233 = n. Calculate the greatest common factor of w and 203.
29
Let r = -5707 - -6559. What is the greatest common factor of 8 and r?
4
Let y(f) = 2*f + 49. Let u be y(-22). Suppose 0 = -10*w + 2704 + 46. Calculate the greatest common factor of w and u.
5
Let w = -4672 - -5172. What is the highest common divisor of 160 and w?
20
Let g = 151 + 41. Calculate the highest common factor of g and 300.
12
Suppose 0 = 5*p + 17 - 57. Suppose -11*k = -p*k - 60. What is the highest common divisor of 5 and k?
5
Let x be (-20)/(-180) - 38/18. Let k be 1/5*5/x*-1056. Let l be (k/(-200))/(6/(-20))*5. Calculate the greatest common factor of 11 and l.
11
Suppose 133*t + 6 = 127*t. Let h(b) = 9*b**2 + 4*b + 1. Let a be h(t). Calculate the highest common divisor of 78 and a.
6
Suppose s + 17*p - 12*p = -760, -s + p = 760. Let l = s - -811. Calculate the highest common factor of 357 and l.
51
Let a(u) = 2*u + 2 - 29 - 6*u. Suppose 5*b + 109 = 69. Let q be a(b). Calculate the highest common factor of q and 35.
5
Let t(x) = -18*x - 58. Let d(q) = -33*q**2 - 7*q + 11. Let o be d(2). Let p = 131 + o. Let l be t(p). What is the greatest common divisor of l and 154?
14
Let s be (3412/6)/2 + 38/(-114). Suppose 0 = 5*y, -h + 4*y = -s - 17. What is the greatest common factor of 7 and h?
7
Suppose -18414 = -421*h + 328*h. Calculate the highest common factor of 522 and h.
18
Let m = 43 + -38. Suppose -c - 4*b = 19, -2*b + 16 = c - m*b. Let a be (11 - (0 + c)) + 0. Calculate the greatest common factor of 5 and a.
5
Suppose -4*h + t = -t - 742, h - 2*t - 181 = 0. Suppose 2*z + 124 + 14 = 4*m, 5*z + 5 = 0. Calculate the greatest common factor of m and h.
17
Let k(s) = s**2 + 36*s + 106. Let q be k(-29). Let y be (-4)/16*q - 5/20. What is the highest common divisor of 40 and y?
8
Suppose -3*p + 31 = -147 + 43. Calculate the highest common divisor of p and 5490.
45
Let w be (-2 + (-1332)/(-126))*2149. What is the highest common factor of 24 and w?
12
Let y = -1280 - -1739. Let q = 13 + -11. Suppose q*s + 38 = 140. What is the highest common divisor of y and 